{"id":2630,"date":"2024-05-27T08:54:28","date_gmt":"2024-05-27T08:54:28","guid":{"rendered":"https:\/\/windwaarde.nl\/cooperatie\/?page_id=2630"},"modified":"2024-06-03T07:12:08","modified_gmt":"2024-06-03T07:12:08","slug":"faq","status":"publish","type":"page","link":"https:\/\/windwaarde.nl\/cooperatie\/faq\/","title":{"rendered":"FAQ"},"content":{"rendered":"\t\t<div data-elementor-type=\"wp-page\" data-elementor-id=\"2630\" class=\"elementor elementor-2630\" data-elementor-post-type=\"page\">\n\t\t\t\t\t\t<section class=\"elementor-section elementor-top-section elementor-element elementor-element-137baa9 elementor-section-boxed elementor-section-height-default elementor-section-height-default\" data-id=\"137baa9\" data-element_type=\"section\" data-e-type=\"section\">\n\t\t\t\t\t\t<div class=\"elementor-container elementor-column-gap-default\">\n\t\t\t\t\t<div class=\"elementor-column elementor-col-100 elementor-top-column elementor-element elementor-element-67195ed5\" data-id=\"67195ed5\" data-element_type=\"column\" data-e-type=\"column\">\n\t\t\t<div class=\"elementor-widget-wrap elementor-element-populated\">\n\t\t\t\t\t\t<div class=\"elementor-element elementor-element-18052ea9 elementor-widget elementor-widget-text-editor\" data-id=\"18052ea9\" data-element_type=\"widget\" data-e-type=\"widget\" data-widget_type=\"text-editor.default\">\n\t\t\t\t<div class=\"elementor-widget-container\">\n\t\t\t\t\t\t\t\t\t\n<p>Veel gestelde vragen<\/p>\n\t\t\t\t\t\t\t\t<\/div>\n\t\t\t\t<\/div>\n\t\t\t\t<div class=\"elementor-element elementor-element-c429b2b elementor-widget elementor-widget-accordion\" data-id=\"c429b2b\" data-element_type=\"widget\" data-e-type=\"widget\" data-widget_type=\"accordion.default\">\n\t\t\t\t<div class=\"elementor-widget-container\">\n\t\t\t\t\t\t\t<div class=\"elementor-accordion\">\n\t\t\t\t\t\t\t<div class=\"elementor-accordion-item\">\n\t\t\t\t\t<div id=\"elementor-tab-title-2051\" class=\"elementor-tab-title\" data-tab=\"1\" role=\"button\" aria-controls=\"elementor-tab-content-2051\" aria-expanded=\"false\">\n\t\t\t\t\t\t\t\t\t\t\t\t\t<span class=\"elementor-accordion-icon elementor-accordion-icon-left\" aria-hidden=\"true\">\n\t\t\t\t\t\t\t\t\t\t\t\t\t\t\t<span class=\"elementor-accordion-icon-closed\"><i class=\"fas fa-plus\"><\/i><\/span>\n\t\t\t\t\t\t\t\t<span class=\"elementor-accordion-icon-opened\"><i class=\"fas fa-minus\"><\/i><\/span>\n\t\t\t\t\t\t\t\t\t\t\t\t\t\t<\/span>\n\t\t\t\t\t\t\t\t\t\t\t\t<a class=\"elementor-accordion-title\" tabindex=\"0\">Hoe kan ik een project voorstellen?<\/a>\n\t\t\t\t\t<\/div>\n\t\t\t\t\t<div id=\"elementor-tab-content-2051\" class=\"elementor-tab-content elementor-clearfix\" data-tab=\"1\" role=\"region\" aria-labelledby=\"elementor-tab-title-2051\"><p style=\"font-weight: 400;\">Dat kan via de mail, mail naar <a href=\"mailto:secretaris.cooperatie@windwaarde.nl\">secretaris.cooperatie@windwaarde.nl<\/a> Het bestuur zal beoordelen of het project aan de subsidievoorwaarden voldoet ( gemeenschappelijk doel met betrekking tot duurzaamheid, energietransitie en leefbaarheid) . Als het voorstel aan deze voorwaarde voldoet, ontvangt u het formulier project initiatief. Voor meer info kijk op <a href=\"https:\/\/windwaarde.nl\/cooperatie\/projecten\/\">https:\/\/windwaarde.nl\/cooperatie\/projecten\/<\/a><\/p>\n<p>\u00a0<\/p><\/div>\n\t\t\t\t<\/div>\n\t\t\t\t\t\t\t<div class=\"elementor-accordion-item\">\n\t\t\t\t\t<div id=\"elementor-tab-title-2052\" class=\"elementor-tab-title\" data-tab=\"2\" role=\"button\" aria-controls=\"elementor-tab-content-2052\" aria-expanded=\"false\">\n\t\t\t\t\t\t\t\t\t\t\t\t\t<span class=\"elementor-accordion-icon elementor-accordion-icon-left\" aria-hidden=\"true\">\n\t\t\t\t\t\t\t\t\t\t\t\t\t\t\t<span class=\"elementor-accordion-icon-closed\"><i class=\"fas fa-plus\"><\/i><\/span>\n\t\t\t\t\t\t\t\t<span class=\"elementor-accordion-icon-opened\"><i class=\"fas fa-minus\"><\/i><\/span>\n\t\t\t\t\t\t\t\t\t\t\t\t\t\t<\/span>\n\t\t\t\t\t\t\t\t\t\t\t\t<a class=\"elementor-accordion-title\" tabindex=\"0\">Hoe zijn de financi\u00ebn geregeld?<\/a>\n\t\t\t\t\t<\/div>\n\t\t\t\t\t<div id=\"elementor-tab-content-2052\" class=\"elementor-tab-content elementor-clearfix\" data-tab=\"2\" role=\"region\" aria-labelledby=\"elementor-tab-title-2052\"><p style=\"font-weight: 400;\">Na goedkeuring van de leden wordt de subsidie aanvraag doorgestuurd naar de stichting Windwaarde,\u00a0 die dienen de aanvraag bij de gemeente in. Voor meer info, zie de informatie op de website van de co\u00f6peratie:\u00a0<a href=\"https:\/\/windwaarde.nl\/cooperatie\/projecten\/\">https:\/\/windwaarde.nl\/cooperatie\/projecten\/<\/a><\/p>\n<p style=\"font-weight: 400;\">\u00a0<\/p><\/div>\n\t\t\t\t<\/div>\n\t\t\t\t\t\t\t<div class=\"elementor-accordion-item\">\n\t\t\t\t\t<div id=\"elementor-tab-title-2053\" class=\"elementor-tab-title\" data-tab=\"3\" role=\"button\" aria-controls=\"elementor-tab-content-2053\" aria-expanded=\"false\">\n\t\t\t\t\t\t\t\t\t\t\t\t\t<span class=\"elementor-accordion-icon elementor-accordion-icon-left\" aria-hidden=\"true\">\n\t\t\t\t\t\t\t\t\t\t\t\t\t\t\t<span class=\"elementor-accordion-icon-closed\"><i class=\"fas fa-plus\"><\/i><\/span>\n\t\t\t\t\t\t\t\t<span class=\"elementor-accordion-icon-opened\"><i class=\"fas fa-minus\"><\/i><\/span>\n\t\t\t\t\t\t\t\t\t\t\t\t\t\t<\/span>\n\t\t\t\t\t\t\t\t\t\t\t\t<a class=\"elementor-accordion-title\" tabindex=\"0\">Waar moet een projectvoorstel aan voldoen?<\/a>\n\t\t\t\t\t<\/div>\n\t\t\t\t\t<div id=\"elementor-tab-content-2053\" class=\"elementor-tab-content elementor-clearfix\" data-tab=\"3\" role=\"region\" aria-labelledby=\"elementor-tab-title-2053\"><p style=\"font-weight: 400;\">Een projectvoorstel moet een voorstel omvatten ter bevordering van de leefbaarheid , ter bevordering van de duurzaamheid of ter bevordering van de energietransitie voor de inwoners van Strijensas en Mariapolder.\u00a0 In het voorstel moet duidelijk aangegeven zijn welke financi\u00eble middelen er nodig zullen zijn om het project te kunnen realiseren. Er moet aangegeven zijn welke inzet en middelen er nodig zijn om het project te laten slagen. Het project moet een start- en een einddatum hebben.<\/p><\/div>\n\t\t\t\t<\/div>\n\t\t\t\t\t\t\t<div class=\"elementor-accordion-item\">\n\t\t\t\t\t<div id=\"elementor-tab-title-2054\" class=\"elementor-tab-title\" data-tab=\"4\" role=\"button\" aria-controls=\"elementor-tab-content-2054\" aria-expanded=\"false\">\n\t\t\t\t\t\t\t\t\t\t\t\t\t<span class=\"elementor-accordion-icon elementor-accordion-icon-left\" aria-hidden=\"true\">\n\t\t\t\t\t\t\t\t\t\t\t\t\t\t\t<span class=\"elementor-accordion-icon-closed\"><i class=\"fas fa-plus\"><\/i><\/span>\n\t\t\t\t\t\t\t\t<span class=\"elementor-accordion-icon-opened\"><i class=\"fas fa-minus\"><\/i><\/span>\n\t\t\t\t\t\t\t\t\t\t\t\t\t\t<\/span>\n\t\t\t\t\t\t\t\t\t\t\t\t<a class=\"elementor-accordion-title\" tabindex=\"0\">Kan ik ook subsidie aanvragen voor zonnepanelen?<\/a>\n\t\t\t\t\t<\/div>\n\t\t\t\t\t<div id=\"elementor-tab-content-2054\" class=\"elementor-tab-content elementor-clearfix\" data-tab=\"4\" role=\"region\" aria-labelledby=\"elementor-tab-title-2054\"><p style=\"font-weight: 400;\">Nee, niet voor particuliere doeleinden zoals een eigen huis. Wel kan er een project gestart worden voor bijvoorbeeld algemeen gebruik zoals een zonneweide.<\/p><\/div>\n\t\t\t\t<\/div>\n\t\t\t\t\t\t\t<div class=\"elementor-accordion-item\">\n\t\t\t\t\t<div id=\"elementor-tab-title-2055\" class=\"elementor-tab-title\" data-tab=\"5\" role=\"button\" aria-controls=\"elementor-tab-content-2055\" aria-expanded=\"false\">\n\t\t\t\t\t\t\t\t\t\t\t\t\t<span class=\"elementor-accordion-icon elementor-accordion-icon-left\" aria-hidden=\"true\">\n\t\t\t\t\t\t\t\t\t\t\t\t\t\t\t<span class=\"elementor-accordion-icon-closed\"><i class=\"fas fa-plus\"><\/i><\/span>\n\t\t\t\t\t\t\t\t<span class=\"elementor-accordion-icon-opened\"><i class=\"fas fa-minus\"><\/i><\/span>\n\t\t\t\t\t\t\t\t\t\t\t\t\t\t<\/span>\n\t\t\t\t\t\t\t\t\t\t\t\t<a class=\"elementor-accordion-title\" tabindex=\"0\">Wat is het verschil tussen de stichting en de cooperatie?<\/a>\n\t\t\t\t\t<\/div>\n\t\t\t\t\t<div id=\"elementor-tab-content-2055\" class=\"elementor-tab-content elementor-clearfix\" data-tab=\"5\" role=\"region\" aria-labelledby=\"elementor-tab-title-2055\"><p style=\"font-weight: 400;\">De stichting houdt zich bezig met de bouw van het windpark en de gevolgen voor de bewoners van Strijensas en Mariapolder. De Stichting heeft geen leden maar een vrijwillig bestuur.<\/p>\n<p style=\"font-weight: 400;\">De co\u00f6peratie houdt zich bezig met de inzet van de competitie gelden uit het windpark. De co\u00f6peratie heeft leden , de leden van de co\u00f6peratie bepalen via een algemene ledenvergadering welke projecten gehonoreerd zullen worden. De co\u00f6peratie heeft een door haar leden gekozen bestuur.<\/p><\/div>\n\t\t\t\t<\/div>\n\t\t\t\t\t\t\t<div class=\"elementor-accordion-item\">\n\t\t\t\t\t<div id=\"elementor-tab-title-2056\" class=\"elementor-tab-title\" data-tab=\"6\" role=\"button\" aria-controls=\"elementor-tab-content-2056\" aria-expanded=\"false\">\n\t\t\t\t\t\t\t\t\t\t\t\t\t<span class=\"elementor-accordion-icon elementor-accordion-icon-left\" aria-hidden=\"true\">\n\t\t\t\t\t\t\t\t\t\t\t\t\t\t\t<span class=\"elementor-accordion-icon-closed\"><i class=\"fas fa-plus\"><\/i><\/span>\n\t\t\t\t\t\t\t\t<span class=\"elementor-accordion-icon-opened\"><i class=\"fas fa-minus\"><\/i><\/span>\n\t\t\t\t\t\t\t\t\t\t\t\t\t\t<\/span>\n\t\t\t\t\t\t\t\t\t\t\t\t<a class=\"elementor-accordion-title\" tabindex=\"0\">Waarom is er een stichting en een co\u00f6peratie? <\/a>\n\t\t\t\t\t<\/div>\n\t\t\t\t\t<div id=\"elementor-tab-content-2056\" class=\"elementor-tab-content elementor-clearfix\" data-tab=\"6\" role=\"region\" aria-labelledby=\"elementor-tab-title-2056\"><p style=\"font-weight: 400;\">Een aantal jaren geleden is duidelijk geworden dat de windmolens in de Mariapolder vervangen zouden worden door een nieuw windpark.\u00a0 Een aantal bewoners van de Mariapolder hebben toen besloten om er alles aan te doen om de overlast die windmolens kunnen veroorzaken zo veel als mogelijk te beperken,\u00a0 eerst via een klankbordgroep,\u00a0 dit is later overgegaan in de stichting. De stichting Windwaarde heeft het bij de gemeente voor elkaar gekregen dat de compensatiegelden volledig aan de leefbaarheid , duurzaamheid en energietransitie van Strijensas en de Mariapolder besteed zullen worden.\u00a0 Om de inwoners hier op een democratische wijze in te betrekken is de co\u00f6peratie opgericht.<\/p><\/div>\n\t\t\t\t<\/div>\n\t\t\t\t\t\t\t\t<\/div>\n\t\t\t\t\t\t<\/div>\n\t\t\t\t<\/div>\n\t\t\t\t\t<\/div>\n\t\t<\/div>\n\t\t\t\t\t<\/div>\n\t\t<\/section>\n\t\t\t\t<\/div>\n\t\t","protected":false},"excerpt":{"rendered":"<p>Veel gestelde vragen Hoe kan ik een project voorstellen? Dat kan via de mail, mail naar secretaris.cooperatie@windwaarde.nl Het bestuur zal beoordelen of het project aan de subsidievoorwaarden voldoet ( gemeenschappelijk doel met betrekking tot duurzaamheid, energietransitie en leefbaarheid) . Als het voorstel aan deze voorwaarde voldoet, ontvangt u het formulier project initiatief. Voor meer info [&hellip;]<\/p>\n","protected":false},"author":12,"featured_media":0,"parent":0,"menu_order":0,"comment_status":"closed","ping_status":"closed","template":"","meta":{"footnotes":""},"class_list":["post-2630","page","type-page","status-publish","hentry"],"_links":{"self":[{"href":"https:\/\/windwaarde.nl\/cooperatie\/wp-json\/wp\/v2\/pages\/2630","targetHints":{"allow":["GET"]}}],"collection":[{"href":"https:\/\/windwaarde.nl\/cooperatie\/wp-json\/wp\/v2\/pages"}],"about":[{"href":"https:\/\/windwaarde.nl\/cooperatie\/wp-json\/wp\/v2\/types\/page"}],"author":[{"embeddable":true,"href":"https:\/\/windwaarde.nl\/cooperatie\/wp-json\/wp\/v2\/users\/12"}],"replies":[{"embeddable":true,"href":"https:\/\/windwaarde.nl\/cooperatie\/wp-json\/wp\/v2\/comments?post=2630"}],"version-history":[{"count":10,"href":"https:\/\/windwaarde.nl\/cooperatie\/wp-json\/wp\/v2\/pages\/2630\/revisions"}],"predecessor-version":[{"id":2650,"href":"https:\/\/windwaarde.nl\/cooperatie\/wp-json\/wp\/v2\/pages\/2630\/revisions\/2650"}],"wp:attachment":[{"href":"https:\/\/windwaarde.nl\/cooperatie\/wp-json\/wp\/v2\/media?parent=2630"}],"curies":[{"name":"wp","href":"https:\/\/api.w.org\/{rel}","templated":true}]}}

<div data-elementor-type="wp-page" data-elementor-id="2630" class="elementor elementor-2630" data-elementor-post-type="page">
						<section class="elementor-section elementor-top-section elementor-element elementor-element-137baa9 elementor-section-boxed elementor-section-height-default elementor-section-height-default" data-id="137baa9" data-element_type="section" data-e-type="section">
						<div class="elementor-container elementor-column-gap-default">
					<div class="elementor-column elementor-col-100 elementor-top-column elementor-element elementor-element-67195ed5" data-id="67195ed5" data-element_type="column" data-e-type="column">
			<div class="elementor-widget-wrap elementor-element-populated">
						<div class="elementor-element elementor-element-18052ea9 elementor-widget elementor-widget-text-editor" data-id="18052ea9" data-element_type="widget" data-e-type="widget" data-widget_type="text-editor.default">
				<div class="elementor-widget-container">
									
<p>Veel gestelde vragen</p>
								</div>
				</div>
				<div class="elementor-element elementor-element-c429b2b elementor-widget elementor-widget-accordion" data-id="c429b2b" data-element_type="widget" data-e-type="widget" data-widget_type="accordion.default">
				<div class="elementor-widget-container">
							<div class="elementor-accordion">
							<div class="elementor-accordion-item">
					<div id="elementor-tab-title-2051" class="elementor-tab-title" data-tab="1" role="button" aria-controls="elementor-tab-content-2051" aria-expanded="false">
													<span class="elementor-accordion-icon elementor-accordion-icon-left" aria-hidden="true">
															<span class="elementor-accordion-icon-closed"><i class="fas fa-plus"></i></span>
								<span class="elementor-accordion-icon-opened"><i class="fas fa-minus"></i></span>
														</span>
												<a class="elementor-accordion-title" tabindex="0">Hoe kan ik een project voorstellen?</a>
					</div>
					<div id="elementor-tab-content-2051" class="elementor-tab-content elementor-clearfix" data-tab="1" role="region" aria-labelledby="elementor-tab-title-2051"><p style="font-weight: 400;">Dat kan via de mail, mail naar <a href="mailto:secretaris.cooperatie@windwaarde.nl">secretaris.cooperatie@windwaarde.nl</a> Het bestuur zal beoordelen of het project aan de subsidievoorwaarden voldoet ( gemeenschappelijk doel met betrekking tot duurzaamheid, energietransitie en leefbaarheid) . Als het voorstel aan deze voorwaarde voldoet, ontvangt u het formulier project initiatief. Voor meer info kijk op <a href="https://windwaarde.nl/cooperatie/projecten/">https://windwaarde.nl/cooperatie/projecten/</a></p>
<p> </p></div>
				</div>
							<div class="elementor-accordion-item">
					<div id="elementor-tab-title-2052" class="elementor-tab-title" data-tab="2" role="button" aria-controls="elementor-tab-content-2052" aria-expanded="false">
													<span class="elementor-accordion-icon elementor-accordion-icon-left" aria-hidden="true">
															<span class="elementor-accordion-icon-closed"><i class="fas fa-plus"></i></span>
								<span class="elementor-accordion-icon-opened"><i class="fas fa-minus"></i></span>
														</span>
												<a class="elementor-accordion-title" tabindex="0">Hoe zijn de financiën geregeld?</a>
					</div>
					<div id="elementor-tab-content-2052" class="elementor-tab-content elementor-clearfix" data-tab="2" role="region" aria-labelledby="elementor-tab-title-2052"><p style="font-weight: 400;">Na goedkeuring van de leden wordt de subsidie aanvraag doorgestuurd naar de stichting Windwaarde,  die dienen de aanvraag bij de gemeente in. Voor meer info, zie de informatie op de website van de coöperatie: <a href="https://windwaarde.nl/cooperatie/projecten/">https://windwaarde.nl/cooperatie/projecten/</a></p>
<p style="font-weight: 400;"> </p></div>
				</div>
							<div class="elementor-accordion-item">
					<div id="elementor-tab-title-2053" class="elementor-tab-title" data-tab="3" role="button" aria-controls="elementor-tab-content-2053" aria-expanded="false">
													<span class="elementor-accordion-icon elementor-accordion-icon-left" aria-hidden="true">
															<span class="elementor-accordion-icon-closed"><i class="fas fa-plus"></i></span>
								<span class="elementor-accordion-icon-opened"><i class="fas fa-minus"></i></span>
														</span>
												<a class="elementor-accordion-title" tabindex="0">Waar moet een projectvoorstel aan voldoen?</a>
					</div>
					<div id="elementor-tab-content-2053" class="elementor-tab-content elementor-clearfix" data-tab="3" role="region" aria-labelledby="elementor-tab-title-2053"><p style="font-weight: 400;">Een projectvoorstel moet een voorstel omvatten ter bevordering van de leefbaarheid , ter bevordering van de duurzaamheid of ter bevordering van de energietransitie voor de inwoners van Strijensas en Mariapolder.  In het voorstel moet duidelijk aangegeven zijn welke financiële middelen er nodig zullen zijn om het project te kunnen realiseren. Er moet aangegeven zijn welke inzet en middelen er nodig zijn om het project te laten slagen. Het project moet een start- en een einddatum hebben.</p></div>
				</div>
							<div class="elementor-accordion-item">
					<div id="elementor-tab-title-2054" class="elementor-tab-title" data-tab="4" role="button" aria-controls="elementor-tab-content-2054" aria-expanded="false">
													<span class="elementor-accordion-icon elementor-accordion-icon-left" aria-hidden="true">
															<span class="elementor-accordion-icon-closed"><i class="fas fa-plus"></i></span>
								<span class="elementor-accordion-icon-opened"><i class="fas fa-minus"></i></span>
														</span>
												<a class="elementor-accordion-title" tabindex="0">Kan ik ook subsidie aanvragen voor zonnepanelen?</a>
					</div>
					<div id="elementor-tab-content-2054" class="elementor-tab-content elementor-clearfix" data-tab="4" role="region" aria-labelledby="elementor-tab-title-2054"><p style="font-weight: 400;">Nee, niet voor particuliere doeleinden zoals een eigen huis. Wel kan er een project gestart worden voor bijvoorbeeld algemeen gebruik zoals een zonneweide.</p></div>
				</div>
							<div class="elementor-accordion-item">
					<div id="elementor-tab-title-2055" class="elementor-tab-title" data-tab="5" role="button" aria-controls="elementor-tab-content-2055" aria-expanded="false">
													<span class="elementor-accordion-icon elementor-accordion-icon-left" aria-hidden="true">
															<span class="elementor-accordion-icon-closed"><i class="fas fa-plus"></i></span>
								<span class="elementor-accordion-icon-opened"><i class="fas fa-minus"></i></span>
														</span>
												<a class="elementor-accordion-title" tabindex="0">Wat is het verschil tussen de stichting en de cooperatie?</a>
					</div>
					<div id="elementor-tab-content-2055" class="elementor-tab-content elementor-clearfix" data-tab="5" role="region" aria-labelledby="elementor-tab-title-2055"><p style="font-weight: 400;">De stichting houdt zich bezig met de bouw van het windpark en de gevolgen voor de bewoners van Strijensas en Mariapolder. De Stichting heeft geen leden maar een vrijwillig bestuur.</p>
<p style="font-weight: 400;">De coöperatie houdt zich bezig met de inzet van de competitie gelden uit het windpark. De coöperatie heeft leden , de leden van de coöperatie bepalen via een algemene ledenvergadering welke projecten gehonoreerd zullen worden. De coöperatie heeft een door haar leden gekozen bestuur.</p></div>
				</div>
							<div class="elementor-accordion-item">
					<div id="elementor-tab-title-2056" class="elementor-tab-title" data-tab="6" role="button" aria-controls="elementor-tab-content-2056" aria-expanded="false">
													<span class="elementor-accordion-icon elementor-accordion-icon-left" aria-hidden="true">
															<span class="elementor-accordion-icon-closed"><i class="fas fa-plus"></i></span>
								<span class="elementor-accordion-icon-opened"><i class="fas fa-minus"></i></span>
														</span>
												<a class="elementor-accordion-title" tabindex="0">Waarom is er een stichting en een coöperatie? </a>
					</div>
					<div id="elementor-tab-content-2056" class="elementor-tab-content elementor-clearfix" data-tab="6" role="region" aria-labelledby="elementor-tab-title-2056"><p style="font-weight: 400;">Een aantal jaren geleden is duidelijk geworden dat de windmolens in de Mariapolder vervangen zouden worden door een nieuw windpark.  Een aantal bewoners van de Mariapolder hebben toen besloten om er alles aan te doen om de overlast die windmolens kunnen veroorzaken zo veel als mogelijk te beperken,  eerst via een klankbordgroep,  dit is later overgegaan in de stichting. De stichting Windwaarde heeft het bij de gemeente voor elkaar gekregen dat de compensatiegelden volledig aan de leefbaarheid , duurzaamheid en energietransitie van Strijensas en de Mariapolder besteed zullen worden.  Om de inwoners hier op een democratische wijze in te betrekken is de coöperatie opgericht.</p></div>
				</div>
								</div>
						</div>
				</div>
					</div>
		</div>
					</div>
		</section>
				</div>
